
Let k be 0*(0 - 8)/(-32). Suppose -649*v + 646*v + 2997 = k. What are the prime factors of v?
3, 37
Suppose -u - 1 = -5*p + 10, 0 = 2*p + 3*u - 18. Suppose 2*f - 6 = -7*j + p*j, -3*f = 4*j - 7. What are the prime factors of 243*((-3)/(-3))/(f - -2)?
3
Let b = 2738 - 1331. Suppose b + 1141 = 4*o. List the prime factors of o.
7, 13
Let a be (-2)/(-6) + (-1956)/36. Let j = -276 + 426. Let h = j + a. What are the prime factors of h?
2, 3
Let v(m) = 6519*m**2 + 12*m + 11. What are the prime factors of v(-1)?
2, 3259
What are the prime factors of 36/(-21)*(65583/(-18))/(2/4)?
2, 3, 347
Suppose -2*a + 3*a - 9 = 0. Suppose 129 + 2013 = a*f. Suppose 3*x = t + 3*t + 403, -f = -2*x - 5*t. List the prime factors of x.
3, 43
Suppose 0 = 3*o - 2*k - 201, 2*o + 6*k - 121 = 3*k. Let v = o + -56. Suppose -v*x + 448 = -5*x. List the prime factors of x.
2, 7
Suppose -4*y = -2*y + 8, 0 = t - y + 2. Suppose -11 = -4*a - 3. List the prime factors of 48/8*a/t - -112.
2, 5, 11
Let y = 3117 - 1104. Let o = y + -708. List the prime factors of o.
3, 5, 29
Suppose -22*z = -161*z + 2048490 + 142706. What are the prime factors of z?
2, 7, 563
What are the prime factors of (3 - 4/(-2))*87770/50?
67, 131
Let i be (4/6)/((-5)/(-30)). Let u be 1500/(-400)*4/(-5). Suppose g + u*y + 182 = 2*g, 0 = -i*g + 4*y + 696. What are the prime factors of g?
2, 5, 17
Let h(v) = -22*v - 1. Let q be h(-11). Let t = 234 + q. What are the prime factors of t?
5, 19
Let z be 7/4 + 15/60. Suppose -6 = -4*f - 2*j, 4 - z = -2*j. What are the prime factors of (-6 + 4)*(-93)/f?
3, 31
Suppose 2*f + f - 35350 = -4*f. What are the prime factors of f?
2, 5, 101
Suppose -2*t = 14 - 30, 3*u = t + 188389. What are the prime factors of u?
3, 11, 173
Suppose 14*r - 2 = 15*r, -2*x = -r - 56530. What are the prime factors of x?
2, 3533
Suppose -14 - 7 = -7*c. Suppose 0 = -c*r + 3*a - 24, a + a = 5*r + 34. Let l(n) = -n**3 - 3*n**2 - 2*n + 2. What are the prime factors of l(r)?
2, 61
Let f(i) = 7*i - 16 - 2*i - i**2 - 15*i. Let s be f(-3). Suppose 4*t = 2*o + 2*o - 428, -3*o + 305 = s*t. List the prime factors of o.
3, 5, 7
Suppose 5*l - 3*m = 9*l - 21, 12 = 4*m. What are the prime factors of 1391/l - 1/(-3)*-2?
463
Suppose 3*o + 3 = 3*n, -3*n = -5*o + 3 - 0. Suppose -6*d + o*d = 30. Let c(z) = -z**2 - 13*z - 20. List the prime factors of c(d).
2, 5
Let y = -275 + 275. List the prime factors of (11 - -25) + (y - -3).
3, 13
Suppose 300 = -4*t + 9*t. Let v be 3/(t/56)*5. Suppose -784 = -v*b + 798. List the prime factors of b.
113
Let d be (3*-4 - 3)*(-2)/3. Let t = d - -14. List the prime factors of t*(135/20 + -2).
2, 3, 19
Let k be (-1 - 2) + 12/(-8)*-4. Let b(r) = 0*r**k + 7 + 30*r + 7*r**2 - r**3 - 22*r. List the prime factors of b(8).
7
Let b be (90/(-9) - -6)*1/(-4). What are the prime factors of 1685 - (3 - (b - (-10)/2))?
2, 211
Let o(d) = 9*d**2 + 4. Let n = -107 + 16. Let t = n - -88. List the prime factors of o(t).
5, 17
Let k(b) = -7 - 155*b + 24 - 4 - 10. List the prime factors of k(-2).
313
Let l(s) = -14*s**2 + s**3 - s - 18*s + 1 - 2*s**3. Let q be 370/(-28) - 132/(-616). What are the prime factors of l(q)?
79
Let c be 4 + -7 + 3 - (-15 - -3). What are the prime factors of c/(-2)*(9 - 84)?
2, 3, 5
Let h(v) = -856*v - 2158. What are the prime factors of h(-5)?
2, 1061
Let l = -217 - -229. Let d(y) = 4*y**2 - 11*y + 70. What are the prime factors of d(l)?
2, 257
Let r = -54 + 53. List the prime factors of ((-18)/(-108))/(r/(-7746)).
1291
Let j(t) = 572*t - 14. Let x(d) = -481*d + 13. Let a(w) = -5*j(w) - 6*x(w). Suppose -r + 19 = 2*y, 2*y + 4*r - 25 = r. What are the prime factors of a(y)?
2, 5
Suppose 71*v + 7*p = 70*v + 6566, -4*v + 26109 = -3*p. List the prime factors of v.
3, 7, 311
Let v = -55 - -57. Let q(x) = 44*x + 4. Let d be q(v). Suppose 112 + d = 2*r. List the prime factors of r.
2, 3, 17
Let v(r) = -r**2 - 13*r - 34. Let s be v(-9). What are the prime factors of s + (-4 - 2) + 447?
443
Let x = 55745 - -16251. List the prime factors of x.
2, 41, 439
What are the prime factors of -1 + (-14)/35*-44025?
17609
Let y = 23 + -16. Suppose 929 = 3*r + n, -8 = -3*n - 2. Suppose y*x - 293 = r. List the prime factors of x.
2, 43
What are the prime factors of 86560/768*(-8)/(-10)*78?
13, 541
Suppose 4*n = -l - 5, 2*l - 12*n = -14*n + 8. Suppose -4*b - w = -l*b + 1328, -3*b - w = -1336. List the prime factors of b.
2, 3, 37
Let t = -42 + 42. Suppose j + 0 - 4 = t. Suppose 4*n = -j*v + 412, 5*v - 384 = n + 161. What are the prime factors of v?
2, 3
Suppose 4 = 4*k - 16. Suppose 4*n = k*d - 223, -4*n + 200 = 4*d - 0*d. List the prime factors of d + (1 - 3 - 1).
2, 11
Let j(d) = 185*d - 7. Let c be j(1). Let y(a) = 45*a**3 + 2*a**2 - 4*a - 1. Let s be y(2). Let z = s - c. List the prime factors of z.
181
Suppose 0 = -b + 3*b - 14. Suppose 4*w - 481 = 3*z, -4*z + b*z - 387 = -3*w. What are the prime factors of w?
2, 31
Let f = 14080 + 20595. What are the prime factors of f?
5, 19, 73
Let o(p) = p - 38. Let v be o(-10). Let t be v/4*(-276)/18. Suppose b + 4*j = t, -4*j + j - 492 = -3*b. What are the prime factors of b?
2, 3, 7
Let f(m) = -4*m**2 + 106*m - 58. Let r be f(26). What are the prime factors of r/4*(-718 - 8/2)?
3, 19
Suppose 8*i - 36 = -10*i. Suppose 0 = -i*s - 8, -3*o + 1792 + 586 = 4*s. List the prime factors of o.
2, 3, 7, 19
Suppose 25*u - 21*u - 13328 = -s, -3341 = -u + 2*s. Suppose -6*f + 2427 = -u. What are the prime factors of f?
2, 3, 5
Let s(q) = 26*q**2 + 26*q - 66. List the prime factors of s(14).
2, 3, 29, 31
Let d(p) = -p**3 - 13*p**2 + 4*p + 56. Let z be d(-9). Let g = 0 - z. List the prime factors of g.
2, 19
Let v = -44284 + 81556. What are the prime factors of v?
2, 3, 1553
Let m be 10851/2 - (-87)/(-58). Suppose -12*g - m = -24*g. List the prime factors of g.
2, 113
Suppose n + 13 = -u + 4*u, 5*u - 23 = 3*n. Let q be ((-2)/4)/(4/(-24)). What are the prime factors of n/((-1)/375*q)?
5
Let r = 64 + -62. Let n be r*(-1706)/(-16) - 3/(-4). Suppose -2*o = -4*o + n. What are the prime factors of o?
107
Suppose -8*d + 27 = -45. Suppose -1662 = -d*i - 384. List the prime factors of i.
2, 71
List the prime factors of 10/(-25) + ((-23444494)/(-1860) - (-1)/(-6)).
2, 23, 137
Let o(a) = 10*a**2 - 19*a + 786. What are the prime factors of o(25)?
3
Let z(l) = l**2 + l**2 - 55 + 67 + 5*l - 32*l. List the prime factors of z(21).
3, 109
Let c = 35 - 55. Let x be (13/26)/((-2)/c). Let u(k) = 2*k**3 - 4*k**2 + 6*k - 6. List the prime factors of u(x).
2, 3, 29
Let o(a) = -a**2 + 28*a + 31. Let z be o(14). Suppose -224*f - 621 = -z*f. List the prime factors of f.
3, 23
Let i(h) = 134*h**3 + h**2 - 18*h + 31. Suppose -8 = 24*z - 28*z. List the prime factors of i(z).
3, 7, 17
Let m = -13551 + 22558. List the prime factors of m.
9007
Let z be ((-2)/(-6) + 1)*6/(-4). List the prime factors of (9/(-18))/(z/3700).
5, 37
Suppose 120*u = 116*u + 48. What are the prime factors of u/18*-3 + 3 + 2132?
3, 79
What are the prime factors of -5 + 7 - (-90)/(-12)*(-11152)/20?
2, 523
Let s = 16311 + -6351. What are the prime factors of s?
2, 3, 5, 83
Let m = 121 - 101. Suppose -18*p + m*p - 6272 = -4*z, 2*p = 0. What are the prime factors of z?
2, 7
Suppose -j = -s - 2, -2*j - 2*s - 4 = j. Suppose -v - 2*f + 569 = j, 0 = 4*v - 5*f + 485 - 2787. List the prime factors of v.
3, 191
Suppose 189198 = 12*y + 58218. What are the prime factors of y?
5, 37, 59
Suppose 3*u - i - 11 = u, -u + 10 = -2*i. Suppose 8 = t - 3*n, -5*t - u*n - 2 = -4. Suppose t*r - 35 = 49. List the prime factors of r.
2, 3, 7
Let u(j) = 262*j**2 + 34*j - 199. What are the prime factors of u(6)?
9437
List the prime factors of -4 + (-66044)/(-20) + 3/(15/4).
3299
List the prime factors of (34418 + 15 - 22) + (-10)/2.
2, 17203
Let o = 49 - 45. Let m be 1300/7 + 1/14*o. Suppose m = -4*g + 566. What are the prime factors of g?
5, 19
Suppose 2*j = -x + 161, j - 3*j + 149 = -3*x. Suppose 5*z - 713 - j = -4*g, 0 = -4*g + 12. Let m = z + -74. What are the prime factors of m?
2, 41
List the prime factors of ((-2)/(-3) - (-658056)/63) + 9.
3, 5, 17, 41
Suppose -6*u = -3*u - 3174. Let c = u + -550. List the prime factors of ((-14)/21 - c/(-6)) + -4.
2, 5
List the prime factors of ((-2545)/(-15))/((-9)/(-675)).
5, 509
Suppose -9*p + 5*p = 5*a - 26370, p 